0*m - 387 = z. What are the prime factors of m?
2, 3, 13
Let h be 8/(-20) - 594/(-10). Let o = 96 + h. List the prime factors of o.
5, 31
Suppose -4*g + 1 = -a + 91, -5*a = -2*g - 504. What are the prime factors of a?
2, 3, 17
Let z be (-24)/(-2)*48/9. Suppose 8*q = 10*q - z. List the prime factors of q.
2
Let m = 2680 + -1596. What are the prime factors of m?
2, 271
Let u = 858 - 572. What are the prime factors of u?
2, 11, 13
Suppose -627 = -j - 136. Suppose -4*u - 6*i = -3*i - 2016, -4*i = u - j. What are the prime factors of (u/26)/((-1)/(-2))?
3, 13
Let f(h) = -6*h + 0*h**2 + h**2 + 0 - 4. Let b be f(10). Suppose k = b + 2. List the prime factors of k.
2, 19
List the prime factors of 1088 + -3 + 5 - 2*-1.
2, 3, 7, 13
Let z = 40 + -37. Suppose -z*t + 2*t = -79. What are the prime factors of t?
79
Suppose 5*p = -22 - 23. Let t be 5/(-6)*(p + 3). What are the prime factors of (t/2)/((-1)/(-12))?
2, 3, 5
Let k be (2 + -1)/(2/(317 + -3)). Let w = -69 + k. What are the prime factors of w?
2, 11
Suppose -3*p + 8 = 2*x + 40, x - 5*p = -29. Let o(z) = -z**2 - 13*z - 12. Let s be o(-8). Let k = x + s. What are the prime factors of k?
3
Let z = -72 + 42. Let r be (z/(-9) - 2)*3. Suppose -3*c = -r*o, -c = -2*o - 0*o + 2. What are the prime factors of o?
3
Let l(z) = 110*z + 102. List the prime factors of l(4).
2, 271
Let x be (-9)/(27/(-12)) - 4. Suppose -12 = -3*w - x. Suppose 4*a - 204 = -s - 3*s, w*s = a - 61. List the prime factors of a.
53
Suppose -3*q + 2371 = -2*s, -q + 18*s - 16*s + 793 = 0. List the prime factors of q.
3, 263
List the prime factors of 338 + 2*((-14)/4 - -4).
3, 113
Let z = 1052 + -470. What are the prime factors of z?
2, 3, 97
Suppose r = -3*r + 20. Suppose r*j - 92 = -p, -p = -5*j + 13 - 125. Suppose -4*q - 14 = -p. What are the prime factors of q?
2, 11
Suppose 5*c = 3*c - 10. Let i(o) = o**2 + 5*o + 3. Let w be i(c). Suppose -2*r - t - 139 = -7*r, 3*r + w*t = 87. What are the prime factors of r?
2, 7
Let r = -7 + 7. Let k(v) = v**3 - v. Let z be k(r). Suppose z*n + 18 = 2*c + 4*n, 9 = 2*c + n. What are the prime factors of c?
3
Let d(b) = 2*b**2 - 11*b - 30. What are the prime factors of d(-16)?
2, 7, 47
Suppose -420 = -5*d - 0*d. Suppose 0 = 4*p - d - 0. What are the prime factors of p?
3, 7
Suppose -5699 = -8*i - 1219. What are the prime factors of i?
2, 5, 7
Suppose 2*p - 8810 = -3*p + 3*m, 0 = -3*m - 15. What are the prime factors of p?
1759
Let s(p) = -743*p - 2. Let v be s(-1). List the prime factors of v/6 + 5 + (-3)/(-2).
2, 5, 13
Suppose -918 = -a - 2*r, -a + 285 = -r - 636. List the prime factors of a.
2, 5, 23
Let v = -12 - -16. List the prime factors of v.
2
Suppose 0*z - 4*j - 2 = -2*z, -j + 2 = 2*z. List the prime factors of 2 + z + (12 - -191).
2, 103
Let z be 1*(6/(-9) + 1)*189. Let t be -6*((-8)/3)/(-4). Let i = t + z. What are the prime factors of i?
59
Let b = -93 + 96. Suppose 68 = 4*a + 3*k, -5*a + b*k = 4*k - 96. List the prime factors of a.
2, 5
Let a = 4 + -34. Let r be a/4 + (-15)/30. Let w = -1 - r. List the prime factors of w.
7
Suppose 0 = -6*b + 806 + 1150. List the prime factors of b.
2, 163
Suppose -373*w = -369*w - 11896. What are the prime factors of w?
2, 1487
Let p(s) = 72*s - 268. What are the prime factors of p(19)?
2, 5, 11
Let u(j) = -j**3 - 4*j**2 - 6*j - 3. Let r = 7 + -11. What are the prime factors of u(r)?
3, 7
Suppose 3*o = -10 - 38. Let y(n) = 9*n - 2*n - 6*n + 22. List the prime factors of y(o).
2, 3
Let a be 1*(1 + (-10)/1). Let c(g) = -7*g - 7. What are the prime factors of c(a)?
2, 7
Suppose 0 = 3*d + 2*y - 396, 3*y = -4*d + 4*y + 517. Suppose -b = 2*g - 64, -2*g - 3*b + d = 2*g. List the prime factors of g.
31
What are the prime factors of (-6)/3 - -2*5294/4?
5, 23
Let p(z) = z**3 - 9*z**2 + z + 3. Let v be p(9). Let g(n) = -n**2 + 12*n - 1. Let a be g(v). List the prime factors of 7 - -21 - (-2 + a).
31
Let f(y) = 2082*y**3 - 2*y**2 - 12*y + 12. List the prime factors of f(1).
2, 5, 13
What are the prime factors of (13 + 3 + 409)*(-68)/(-10)?
2, 5, 17
Let u be 2/(2/25*5). Suppose 7*w = u*w + 78. What are the prime factors of w?
3, 13
Let m = -369 - -214. What are the prime factors of m/(-5) - (-1)/(3/(-6))?
29
Let w(i) = i**3 + 12*i**2 - 4*i + 28. Let h be w(-13). Let a = 0 - h. List the prime factors of a.
89
Let w(i) = 10*i**3 - 10*i**2 + i - 36. What are the prime factors of w(7)?
41, 71
Let i = -4 + 24. Let q(v) = -v**2 - 12*v + 15. Let r be q(-13). Suppose -y - 4*t = -r*y + i, 3*t = 3*y - 51. List the prime factors of y.
2
Let r = 242 - -112. Suppose -r = 10*h - 13*h. List the prime factors of h.
2, 59
List the prime factors of 11/(-5 + 16)*(3 + 1436).
1439
Suppose -3*n + 525 = -546. What are the prime factors of n?
3, 7, 17
Suppose -h - 2 = -7. Suppose 131 = -h*u + 31. List the prime factors of (-1)/4 + (-645)/u.
2
Suppose -v + 99 = -25. Let h = v + -74. What are the prime factors of h?
2, 5
Suppose 38*z = 9*z + 98571. What are the prime factors of z?
3, 11, 103
Let n(s) = 6*s**2 - 5*s + 2. Let k be n(4). Let t = 191 - k. List the prime factors of t.
113
Let i(n) = 90*n + 6. List the prime factors of i(1).
2, 3
Let i be 23*(-1 - (-3 + 0)). Suppose 14*r + 280 = -70. Let z = r + i. List the prime factors of z.
3, 7
Let q(k) = k**3 - 10*k**2 + k - 10. Let a be q(10). Suppose 2*y - 1 = -4*r + 9, a = 2*r - 2*y - 2. Suppose r*s + 9 = 25. List the prime factors of s.
2
Suppose 3*i - 664 = -2*h, h + 14*i = 10*i + 327. List the prime factors of h.
5, 67
Let h(z) = -5*z - 1. Suppose 4*s + c = 4*c - 25, 2*s + 18 = -4*c. List the prime factors of h(s).
2, 17
Suppose 6*z + 301 + 89 = 0. Let l = -44 - z. What are the prime factors of l?
3, 7
Let g(h) = 2*h**3 - 13*h**2 + 10*h - 21. List the prime factors of g(9).
2, 3, 79
Let p be 2/((-30)/93)*-5. Let v be (34/3)/(2/3). Let j = p - v. List the prime factors of j.
2, 7
Suppose 3*r + 184 + 53 = 0. Let b = 166 + r. List the prime factors of b.
3, 29
Let q(a) = a + 5*a**2 + 3*a + 0*a**2 + 10 - 2*a**2. List the prime factors of q(-3).
5
Let g = -11 + 7. List the prime factors of g*3/(-12)*(-1 + 192).
191
Suppose -14*o + 68587 = -1469. What are the prime factors of o?
2, 3, 139
Let g = -34 + 34. Suppose 191 = 2*v + 5*b, 0*v + 3*v - b - 295 = g. List the prime factors of v.
2, 7
Let v = 14 + -11. Suppose 185 = v*n + 4*j, n - 55 = 2*j - 0*j. List the prime factors of n.
59
Let x(r) = 8*r**2 + 23*r - 666. What are the prime factors of x(19)?
2659
Let l(a) = -a**2 + 10*a + 6. Suppose 5*h = 0, -x + 9 = 2*h + 1. Let m be l(x). Suppose y = 3*y - m. What are the prime factors of y?
11
Let t = -271 - -642. List the prime factors of t.
7, 53
What are the prime factors of 1 - (1/(-4) + (-51596)/16)?
2, 1613
Let b = -69 + 249. List the prime factors of b.
2, 3, 5
Let w = 175 - 296. Let t = 331 - 504. Let r = w - t. What are the prime factors of r?
2, 13
Let w(a) = -150*a - 176. What are the prime factors of w(-39)?
2, 2837
Let l = 20 - -5. Let c = l + -9. Suppose -5*k + 100 = -2*p, -22 = -k + 4*p + c. What are the prime factors of k?
2, 3
Let n(c) = 2*c**2 - 4*c - 6. Let y be n(-6). Let m = y - 46. List the prime factors of m.
2, 11
Suppose -1911 = -6*f - f. Suppose 5*b - 342 = f. What are the prime factors of b?
3, 41
Suppose 20*d - 2310 = 9*d. What are the prime factors of d?
2, 3, 5, 7
Suppose 0*y + 2*r = 4*y - 1600, -4*r - 2000 = -5*y. Suppose y = 4*h - 5*l, -2*l + 230 = 2*h + 3*l. What are the prime factors of h?
3, 5, 7
Let f(q) = -14*q + 11. Let y be f(-8). Let j = y + -74. Suppose 121 = 4*p + j. List the prime factors of p.
2, 3
Let q(c) = -124. Let v(r) = r + 124. Let z(k) = -4*q(k) - 3*v(k). List the prime factors of z(0).
2, 31
Suppose 0 = -5*x + 3*q - 40, 8 + 27 = -2*x + 5*q. Let g be -27 - x/(-15)*-3. Let z = 91 + g. List the prime factors of z.
5, 13
Let h = -31 - -63. Suppose 3*a + 16 = 4*c, -c + 5*c = -a + h. Suppose 9*f - c*f = 68. List the prime factors of f.
2, 17
Let k(j) = 201*j - 46. What are the prime factors of k(2)?
2, 89
Let a(s) be the third derivative of -s**4/12 + 8*s**3 + 6*s**2 + 3. What are the prime factors of a(10)?
2, 7
Suppose 0 = -4*u - 12, -z + 3*u = z - 143. Suppose -3*p + z + 182 = 0. Let x = -52 + p. List the prime factors of x.
31
Let z be (-4)/3*(-33)/11. Suppose -h + 18 = -z*h. List the prime facto